)?
-6
Let f(o) = 28*o - 143. Give f(5).
-3
Let l(c) = 43*c + 2419. Give l(-54).
97
Let t(y) = -6*y**3 + 4*y**2 + 11*y + 12. Calculate t(2).
2
Let n(t) = 2*t**2 - 12*t - 139. What is n(-9)?
131
Let o(v) = -27*v**3 + 2*v**2 + 5*v - 14. Calculate o(2).
-212
Let c(m) = -m**2 - 284*m + 1451. Determine c(5).
6
Let h(x) = 475*x - 41330. Determine h(87).
-5
Let c(n) = 13*n + 152. Calculate c(-7).
61
Let y(o) = -o**3 - 23*o**2 - 39*o + 921. Give y(-18).
3
Let r(u) = 493*u + 38464. Determine r(-78).
10
Let c(b) = 160*b - 10585. Calculate c(66).
-25
Let h(x) = -8*x**3 - 3*x**2 + 23*x - 64. Determine h(3).
-238
Let l(p) = p**3 - 69*p**2 - 233*p + 1173. Determine l(72).
-51
Let f(d) = d**3 - 4*d**2 - 12*d - 15. What is f(-4)?
-95
Let m(d) = -d**3 + 25*d**2 - 66*d + 8. What is m(3)?
8
Let t(x) = -73*x + 1009. What is t(14)?
-13
Let f(u) = 7*u**3 + 271*u**2 - 66*u - 28. What is f(-39)?
-496
Let u(b) = -23*b - 545. Determine u(-5).
-430
Let j(n) = -81*n - 274. Give j(-4).
50
Let o(q) = q**2 - 142*q + 2812. What is o(118)?
-20
Let z(h) = -3*h**2 + 10*h - 31. Give z(9).
-184
Let p(f) = -2*f**2 + 64*f - 420. Calculate p(7).
-70
Let o(u) = -2*u**3 + 104*u**2 - 294*u + 7. Calculate o(49).
7
Let c(f) = 71*f + 6218. Give c(-87).
41
Let d(l) = 240*l + 141. Determine d(-1).
-99
Let u(k) = -k**2 + 29*k - 85. What is u(32)?
-181
Let m(d) = -915*d - 100650. Calculate m(-110).
0
Let v(c) = -c**3 + 11*c**2 - 8*c + 286. Determine v(14).
-414
Let a(j) = j**3 - 18*j**2 - 60*j - 69. Give a(21).
-6
Let d(u) = -141*u + 2231. Give d(16).
-25
Let g(v) = 3*v**3 - 2*v**2 + 73*v - 72. Determine g(1).
2
Let v(u) = -2*u + 16. Calculate v(6).
4
Let n(v) = -v**3 - 5*v**2 - 5*v - 54. Give n(-5).
-29
Let j(n) = 36*n + 68. What is j(-7)?
-184
Let h(w) = -99*w + 1091. Determine h(11).
2
Let y(v) = -32*v + 147. Calculate y(12).
-237
Let r(p) = -6*p**2 - 28*p + 5. Determine r(-8).
-155
Let i(m) = 252*m + 753. Give i(-3).
-3
Let u(j) = -15*j**2 + 8*j - 69. What is u(6)?
-561
Let r(d) = -452*d - 528. Give r(-2).
376
Let j(z) = -4*z**2 - 69*z - 57. What is j(-17)?
-40
Let t(s) = -s**2 + 704*s + 21192. What is t(-29)?
-65
Let w(k) = -20*k**2 + 22*k + 116. Calculate w(-4).
-292
Let u(c) = -c**3 + 2*c**2 - 35*c + 414. What is u(7)?
-76
Let b(x) = -3*x**3 + 91*x**2 - 33*x + 92. Give b(30).
2
Let y(g) = -67*g - 1798. Calculate y(-27).
11
Let b(h) = -h**3 - 2*h**2 + 30*h + 95. Give b(-4).
7
Let y(s) = 2*s**3 - 23*s**2 + 11*s + 23. What is y(11)?
23
Let u(n) = 4*n**3 - 2*n**2 - 3*n - 10. Give u(-2).
-44
Let c(j) = -130*j - 842. Determine c(-9).
328
Let j(s) = 17*s - 904. Determine j(53).
-3
Let k(r) = -103*r + 270. Determine k(0).
270
Let n(q) = 32*q**2 - 19*q + 67. Determine n(3).
298
Let a(p) = p**3 + 58*p**2 - 56*p + 167. What is a(-59)?
-10
Let s(u) = 151*u - 22499. Determine s(149).
0
Let u(g) = 2*g**2 + 39*g - 512. Calculate u(9).
1
Let k(l) = -4*l**2 - 21*l + 112. Determine k(5).
-93
Let q(b) = b**3 - 10*b**2 - 11*b. Give q(4).
-140
Let m(l) = -l**3 - 11*l**2 + 4*l - 100. Give m(-12).
-4
Let z(q) = -24*q - 1093. Give z(-43).
-61
Let x(j) = -j**2 + 19*j - 26. Calculate x(18).
-8
Let o(h) = 270*h + 15120. Determine o(-56).
0
Let t(z) = -60*z**2 - 38*z + 7. Determine t(-3).
-419
Let i(f) = f**2 + 49*f - 2155. Calculate i(29).
107
Let c(r) = -48*r**3 - r**2 - 7*r - 7. Calculate c(-2).
387
Let v(f) = -f**2 + 463*f + 11695. What is v(-24)?
7
Let b(r) = -12*r + 141. Calculate b(5).
81
Let t(f) = 19*f + 61. Calculate t(-6).
-53
Let g(w) = -w**3 - 37*w**2 + 305*w - 141. Give g(-44).
-9
Let u(h) = 2*h**2 + 91*h - 817. Give u(-53).
-22
Let g(j) = -105*j + 193. Calculate g(0).
193
Let z(v) = v**3 + 9*v**2 + 17*v + 86. Determine z(-8).
14
Let z(d) = -2*d**2 - 20*d - 6. Give z(-15).
-156
Let x(n) = -106*n + 1344. Calculate x(12).
72
Let o(v) = v**3 + 18*v**2 - 118*v - 2245. Give o(-12).
35
Let y(t) = -t**3 - 46*t**2 - 282*t + 56. Determine y(-39).
407
Let r(l) = l**3 - 29*l**2 + 150*l + 11. Give r(22).
-77
Let f(k) = -251*k + 29. Determine f(1).
-222
Let j(g) = -7*g**2 - 543*g - 2545. What is j(-5)?
-5
Let m(x) = 3*x**2 - 57*x + 238. Determine m(13).
4
Let r(j) = -j**2 - 257*j - 10960. Give r(-54).
2
Let y(u) = 557*u - 16165. Determine y(29).
-12
Let x(l) = 2*l**3 + 20*l**2 + 12*l - 2. What is x(-8)?
158
Let k(l) = -36*l**2 + 3*l + 21. What is k(2)?
-117
Let d(v) = -21*v - 1099. Calculate d(-46).
-133
Let y(r) = -18612*r - 111671. Determine y(-6).
1
Let r(j) = j**2 - 53*j + 647. Determine r(18).
17
Let r(w) = -4*w**2 - 4*w - 48. Calculate r(9).
-408
Let p(f) = f**2 - 43*f + 416. Determine p(32).
64
Let f(u) = 81*u + 605. Calculate f(-8).
-43
Let k(w) = 7*w - 130. What is k(-21)?
-277
Let y(c) = 62*c**3 + 3*c + 2. Determine y(-1).
-63
Let i(j) = 6*j**3 + 4*j**2 + 45*j + 83. What is i(-2)?
-39
Let m(j) = j**2 - 23*j - 244. Determine m(-8).
4
Let o(a) = -2*a**2 + 80*a - 412. Calculate o(6).
-4
Let k(y) = -20*y**2 + 1914*y - 3192. What is k(94)?
4
Let j(y) = -52*y + 1551. What is j(30)?
-9
Let v(j) = -j**3 + 18*j**2 - 23*j - 116. What is v(16)?
28
Let t(p) = 18*p + 326. Give t(-19).
-16
Let k(j) = -8*j + 500. What is k(57)?
44
Let v(s) = -s**3 - 10*s**2 + 2*s + 2. What is v(-10)?
-18
Let j(a) = 248*a + 4390. Determine j(-18).
-74
Let q(l) = 20512*l - 348700. Determine q(17).
4
Let v(w) = -w**2 - 217*w - 4930. Determine v(-191).
36
Let n(o) = -12*o + 616. Determine n(51).
4
Let d(r) = -r**3 + 29*r**2 - 24*r - 167. Calculate d(28).
-55
Let h(f) = -25*f**2 + 239*f + 105. Determine h(10).
-5
Let l(k) = k**3 + 10*k**2 + 8*k + 63. Determine l(-10).
-17
Let j(h) = -h**3 + 5*h**2 - 3*h - 14. Determine j(6).
-68
Let p(j) = j**2 - 9*j - 2885. Give p(56).
-253
Let r(h) = 18*h + 199. Calculate r(-25).
-251
Let k(f) = -f**3 - 29*f**2 + 10711*f + 109. Determine k(-119).
-10
Let t(q) = -8694*q - 130402. Determine t(-15).
8
Let u(y) = -3*y**3 - 43*y**2 - 47*y + 16. Give u(-13).
-49
Let s(w) = -w + 19. Give s(3).
16
Let r(p) = p**2 + 11*p - 957. Calculate r(-37).
5
Let k(y) = -22*y**3 + 8*y**2 - 2*y + 1. Determine k(1).
-15
Let n(h) = h**2 + 5*h - 177. Determine n(-17).
27
Let v(c) = 2*c**2 - 5*c - 614. Determine v(18).
-56
Let u(c) = c**2 - 82*c + 596. Give u(8).
4
Let w(g) = 56*g - 471. Determine w(8).
-23
Let j(i) = 5*i**3 + 183*i**2 + 108*i - 63. What is j(-36)?
-63
Let h(u) = 173*u - 17626. What is h(102)?
20
Let o(h) = 2*h**2 - 19*h - 118. Determine o(14).
8
Let t(z) = 21*z + 67. Determine t(-3).
4
Let u(w) = 2*w**3 - 25*w**2 - 43*w + 31. Calculate u(14).
17
Let h(s) = 78*s**2 - 30*s + 26. Calculate h(1).
74
Let k(w) = 20*w**2 + 119*w - 240. Give k(2).
78
Let y(c) = c**3 - 31*c**2 - 995*c + 501. Calculate y(-20).
1
Let m(j) = 170*j - 520. What is m(3)?
-10
Let l(j) = 8*j - 69. Determine l(10).
11
Let n(g) = 6*g**2 - 79*g - 38. Give n(14).
32
Let g(w) = 210*w - 9016. Give g(43).
14
Let k(t) = -t**3 - 9*t**2 + 6*t + 50. Calculate k(-3).
-22
Let m(f) = 805*f - 4828. Give m(6).
2
Let m(a) = 4*a**2 - 29*a + 35. Calculate m(12).
263
Let k(s) = 2*s**3 + 3*s**2 - 37*s + 39. Determine k(7).
613
Let j(x) = -3*x**3 + 23*x**2 + 23*x - 14. What is j(9)?
-131
Let g(m) = 2*m**2 - 45*m + 253. Give g(12).
1
Let g(u) = u**2 - 356*u - 1767. Give g(-5).
38
Let l(h) = 330*h + 676. Determine l(-2).
16
Let o(j) = -3*j**3 - 51*j**2 + 705*j + 9. Determine o(9).
36
Let c(n) = -2*n**2 + 53*n + 19. Calculate c(-8).
-533
Let g(d) = -9*d + 204. What is g(17)?
51
Let m(o) = -o**3 - 20*o**2 + 222*o + 1478. Calculate m(-5).
-7
Let i(q) = -105*q + 627. Determine i(6).
-3
Let u(i) = i**3 - 25*i**2 + 6*i - 156. Give u(25).
-6
Let x(y) = -5*y**3 - 18*y**2 + 241*y - 29. Determine x(-9).
-11
Let m(s) = -15*s - 1. What is m(9)?
-136
Let l(p) = 18494*p + 73968. Determine l(-4).
-8
Let i(h) = h**2 + 52*h - 32. Calculate i(-53).
21
Let f(k) = k**2 - 5*k + 22. Determine f(8).
46
Let q(n) = -3*n**3 - 11*n**2 + 24*n + 133. Calculate q(-3).
43
Let y(t) = -14*t + 69. Give y(-8).
181
Let h(m) = 37*m**2 + 129*m - 85. Calculate h(-4).
-9
Let m(f) = f**2 + 32*f - 974. Give m(-52).
66
Let t(b) = b**3 + 65*b**2 - 63*b - 39. Calculate t(-66).
-237
Let m(q) = 4*q**3 - q**2 - 7*q + 3. Calculate m(4).
215
Let p(h) = 283*h + 2269. Determine p(-8).
5
Let w(u) = 2865*u - 34382. Determine w(12).
-2
Let q(n) = 70*n - 21. Calculate q(1).
49
Let d(a) = 12*a**2 + 62*a - 1. What is d(-